 Let u be m(9). What is the greatest common divisor of t and u?
14
Let p be 17/(240/160*(-4)/(-6)). Suppose -3*y + 10 = -14. Let x = 9 + y. What is the greatest common divisor of p and x?
17
Let v(g) = -2*g**2 + 4*g**2 + g**2 + 2. Let s be v(2). Suppose 2*f - 2*x - 38 = -3*x, -f = 3*x - s. Calculate the greatest common factor of 8 and f.
4
Let l be (-4)/24 + 37/6. What is the greatest common factor of l and 24?
6
Let c be -1 - (0 - -2 - 47). Let m = -8 + c. Calculate the greatest common divisor of m and 24.
12
Suppose 5*c - 5 + 15 = 0. Let p be 20 + c + (-3)/3. Calculate the highest common divisor of 136 and p.
17
Let m = 16 + -11. Suppose -m*x + 0*x = 25, 5*u - 1175 = 4*x. What is the highest common factor of 21 and u?
21
Suppose 7*t + 8 = -2*p + 3*t, -p - 4*t - 10 = 0. Let l be 1*59/2*2. Suppose 9 = -5*b + l. Calculate the greatest common divisor of b and p.
2
Let t(s) = s**2 + 5*s + 16. Let m be t(-3). Let a = 10 - 0. Calculate the highest common factor of m and a.
10
Suppose 3*x = 3*v + 27, -5*x = 6*v - v - 75. Suppose -5*o + 4*u + 79 = 0, -2*o + 3*u + 21 = -x. What is the highest common factor of 105 and o?
15
Let t = 357 + -214. What is the greatest common divisor of t and 13?
13
Let t = -5 + 7. Suppose -106 = -5*x - v, 4*x - 5*v + 3*v - 96 = 0. Let o be 3*x*t/6. What is the highest common divisor of o and 88?
22
Suppose -5*g = -a + 45, 0 = 12*a - 16*a + 4*g + 132. Calculate the greatest common factor of a and 210.
30
Let n = 17 - 9. Let o be 1/(-3)*-8*15. Let f be o*(1 + (-9)/15). What is the greatest common divisor of n and f?
8
Let v be (4 + -13)*(-1)/(-3). Let k = 21 + v. What is the highest common factor of 54 and k?
18
Let b be (-12 + 4)*(-1)/2. Calculate the highest common divisor of b and 10.
2
Let a = -22 + 16. Let n be 3/a - 13/(-2). Let o be 49 - (-1 + 2 + 0). What is the greatest common factor of n and o?
6
Suppose -3*u + 19 + 20 = 0. Suppose -2*p = -15 - u. Calculate the greatest common divisor of 70 and p.
14
Let s be (238/51)/((-2)/(-6)). What is the highest common factor of s and 14?
14
Suppose 94 = a + a - 2*c, 5*a - 3*c - 231 = 0. Suppose 3*j - 78 = -4*i + 5*j, 2*i - 27 = -3*j. What is the greatest common divisor of a and i?
9
Let a(x) = 2*x + 14. Let d be a(21). What is the highest common factor of d and 98?
14
Let o = -6 + 9. Suppose 0 = -3*k + 2*z - 7 - 30, 5*k + 63 = 4*z. Let d = o - k. Calculate the highest common divisor of 154 and d.
14
Let y(x) = -11*x**3 + x**2 + x - 2. Let a be y(-2). Calculate the greatest common factor of 22 and a.
22
Let n be -6*((-50)/4 - 1). Calculate the greatest common divisor of 27 and n.
27
Let d(h) = 10*h - 2*h**2 + 11 - h**2 + 2*h**2. Let w be d(10). What is the highest common factor of w and 1?
1
Let s(d) = -d**2 + 12*d - 15. Let y be s(8). What is the greatest common divisor of 119 and y?
17
Let t(d) = -3*d - 4. Let n be t(-13). Calculate the greatest common divisor of 245 and n.
35
Let o(i) be the first derivative of i**2/2 - 6*i + 2. Let h be o(12). Calculate the highest common divisor of h and 3.
3
Let g be 1*-6*14/(-21). Let p = g + -2. Calculate the greatest common divisor of 4 and p.
2
Suppose -4*u - 5*c + 92 + 1 = 0, 4*u + 2*c = 102. Calculate the highest common factor of 18 and u.
9
Suppose l + 62 = 4*v - 2*l, -v + 25 = 4*l. What is the highest common divisor of 68 and v?
17
Let d = 6 - -36. Calculate the highest common factor of d and 21.
21
Suppose 3*y = 8*y + 340. Let l be y/(-5) + 6/15. Let k = l + -8. Calculate the highest common factor of k and 6.
6
Let u be (2 + 1)/((-18)/(-174)). Let x = u + -9. What is the highest common divisor of 30 and x?
10
Let i be 2*(-3)/(-6)*4. Suppose 2*p - 5*r - 102 = 0, i*p - 4*r = 3*p + 48. What is the highest common factor of 84 and p?
28
Suppose 3*z = a - 21, -3*z - 19 = 4*a - 103. Let m = 96 + 93. What is the greatest common factor of a and m?
21
Let s be 2/4*4 + 2. Suppose 3*r - 2*u = -6, 2*r + 3*u + 3 = -1. Let k be r + (46 - (-1 + 1)). Calculate the highest common divisor of s and k.
4
Suppose -3*k + 18 = -0*k. Suppose 0 = -k*u + u. Let p = u + 12. Calculate the greatest common factor of p and 72.
12
Suppose -h + 52 = h - 2*p, -h + 2*p + 30 = 0. What is the greatest common divisor of h and 33?
11
Let i be 4/(-24)*3*-72. What is the highest common factor of i and 12?
12
Let j be (-119)/(-4) + (-1)/(-4). Suppose -3*d = -d + 10, 5*n = 4*d + j. What is the highest common factor of n and 14?
2
Let c = 3 + -1. Suppose -5*t + 35 = 5*h, -14 = -5*h + c*t + 21. What is the highest common divisor of 7 and h?
7
Let s = -35 - -71. Calculate the highest common factor of 9 and s.
9
Suppose -239 = -5*q + 36. Suppose 3*h = 4*h - 11. What is the highest common factor of h and q?
11
Let h be ((-12)/(-10))/(6/10). Let s(f) = -f**3 + 3*f**2 + 6*f - 4. Let t be s(4). Calculate the greatest common factor of h and t.
2
Let q(f) = -f**3 - 13*f**2 + 27*f - 36. Let p be q(-15). Let i be 8/(-10)*(-450)/4. Calculate the greatest common divisor of p and i.
9
Let p = 32 - 23. Suppose 2*d = p + 13. What is the greatest common divisor of 11 and d?
11
Let f be (-6)/10*(0 - -5). Let h be ((-60)/(-50))/(f/(-10)). Calculate the greatest common factor of h and 4.
4
Let j(y) = y**3 - y**2 + 32. Let t be j(0). What is the greatest common divisor of 4 and t?
4
Let t be 9/(-6)*(-14)/(-3). Let h = t - -10. Calculate the greatest common divisor of 6 and h.
3
Let b(m) = 2*m**2 + 2*m - 2. Let f be b(2). Let j be (-4)/(-18) + 1072/36. Calculate the greatest common divisor of f and j.
10
Let b be ((-174)/3)/(-8 + 6). What is the greatest common divisor of b and 116?
29
Let b = 3 + -1. Suppose 0 = b*a - a. Suppose -5*y = -a*y - 210. Calculate the highest common divisor of y and 14.
14
Let t = -12 + 44. What is the greatest common factor of t and 8?
8
Let r(m) = -m**2 + m. Let i(t) = -5*t**2 + 4*t + 11. Let o(b) = i(b) - 4*r(b). Let s be o(0). Calculate the greatest common factor of s and 44.
11
Let p = 80 + -50. What is the greatest common factor of 60 and p?
30
Suppose 3*n - 9 = 0, 4*n + 9 = f - 4. Let g be (-6)/((-6)/57 + 0). Let i = g - f. What is the highest common divisor of 16 and i?
16
Let v be (3/(-1))/(6/(-4)). Let j be (-335)/(-6) - v/(-12). Let b = j + -36. What is the greatest common factor of b and 8?
4
Let f(j) = -40*j - 4. Let z be f(-4). Suppose -2*l + 5*l = z. Suppose 5*k + 3*c + c = 81, -2*k + 22 = -c. What is the highest common divisor of k and l?
13
Let r = 61 - 134. Let m = r - -124. What is the highest common divisor of 34 and m?
17
Suppose 0 = -3*k - 15 + 3. Let h = k + 3. Let s be -1 + 0 - (h + -51). Calculate the highest common divisor of 34 and s.
17
Suppose 5*j + 1 = 3*y + j, 4*j = -5*y + 55. What is the greatest common divisor of y and 7?
7
Let y be (52/(-39))/(2/(-9)). Calculate the highest common factor of 1 and y.
1
Let d be (-2)/(1/((-2)/(-4))). Let f be (-8)/(-6)*(d + 16). Calculate the greatest common divisor of f and 20.
20
Let g(u) = u**3 - 4*u**2 + 3. Let n be g(5). What is the greatest common factor of n and 14?
14
Let d(u) = u**2 + 3*u - 6. Let p be d(-6). What is the highest common divisor of p and 108?
12
Suppose 3 - 303 = -3*s + 2*q, 400 = 4*s + q. Suppose 3*x = -2*x + s. Calculate the highest common factor of x and 60.
20
Let j be (-2)/(-6) - (-2856)/72. What is the greatest common divisor of j and 360?
40
Let v be 0 + -3 + 5 + 0. Let t be (-5)/((-3)/(6/v)). Suppose 4*l = b - 1, 3*b + 2*l - 16 = l. What is the greatest common divisor of b and t?
5
Let f(t) = -t**3 - 6*t**2 - 3*t + 11. Let j be f(-5). What is the highest common divisor of j and 1?
1
Let l be (3/9)/(1/6). Let q be (-1)/l - 67/(-2). Suppose 3*c - q = 27. What is the greatest common factor of c and 10?
10
Let c(r) = -59*r + 1. Let l be c(-3). Let m = -35 + l. What is the greatest common factor of m and 13?
13
Let u(z) = z**2 + 12*z + 12. Let h be u(-12). Let m = 36 - h. Calculate the greatest common factor of m and 8.
8
Let v(k) = 2*k + 7. Let y be v(6). Let w = y - 9. Let i = 40 - 25. What is the greatest common factor of i and w?
5
Let z(w) = w**3 - 6*w**2 + 4*w. Let j be z(6). Let x be ((-54)/j)/((-9)/96). Calculate the highest common factor of x and 120.
24
Suppose 7*c - 8*c = -o + 90, -180 = -2*o - c. What is the highest common factor of o and 30?
30
Suppose -u = 